{"id":49,"date":"2011-09-27T05:22:45","date_gmt":"2011-09-27T05:22:45","guid":{"rendered":"http:\/\/www.grupojpimenta.com\/?page_id=49"},"modified":"2011-10-07T14:24:41","modified_gmt":"2011-10-07T14:24:41","slug":"apresentacao","status":"publish","type":"page","link":"https:\/\/www.grupojpimenta.com\/?page_id=49","title":{"rendered":"Apresenta\u00e7\u00e3o"},"content":{"rendered":"<p>Constitu\u00edda em 1994 com finalidade de realizar produ\u00e7\u00e3o agr\u00edcola, pecu\u00e1ria e turismo, tendo como actividade principal a viticultura.<br \/>\nPresta servi\u00e7os tamb\u00e9m em turismo no espa\u00e7o rural, organiza\u00e7\u00e3o de eventos e aluguer de espa\u00e7os para eventos.<\/p>\n<p>&nbsp;<\/p>\n<p>\u00c1rea Geogr\u00e1fica: Minho<\/p>\n","protected":false},"excerpt":{"rendered":"<p>Constitu\u00edda em 1994 com finalidade de realizar produ\u00e7\u00e3o agr\u00edcola, pecu\u00e1ria [&hellip;]<\/p>\n","protected":false},"author":3,"featured_media":0,"parent":47,"menu_order":0,"comment_status":"open","ping_status":"closed","template":"grupo.php","meta":{"ngg_post_thumbnail":0,"footnotes":""},"class_list":["post-49","page","type-page","status-publish","hentry"],"_links":{"self":[{"href":"https:\/\/www.grupojpimenta.com\/index.php?rest_route=\/wp\/v2\/pages\/49","targetHints":{"allow":["GET"]}}],"collection":[{"href":"https:\/\/www.grupojpimenta.com\/index.php?rest_route=\/wp\/v2\/pages"}],"about":[{"href":"https:\/\/www.grupojpimenta.com\/index.php?rest_route=\/wp\/v2\/types\/page"}],"author":[{"embeddable":true,"href":"https:\/\/www.grupojpimenta.com\/index.php?rest_route=\/wp\/v2\/users\/3"}],"replies":[{"embeddable":true,"href":"https:\/\/www.grupojpimenta.com\/index.php?rest_route=%2Fwp%2Fv2%2Fcomments&post=49"}],"version-history":[{"count":11,"href":"https:\/\/www.grupojpimenta.com\/index.php?rest_route=\/wp\/v2\/pages\/49\/revisions"}],"predecessor-version":[{"id":426,"href":"https:\/\/www.grupojpimenta.com\/index.php?rest_route=\/wp\/v2\/pages\/49\/revisions\/426"}],"up":[{"embeddable":true,"href":"https:\/\/www.grupojpimenta.com\/index.php?rest_route=\/wp\/v2\/pages\/47"}],"wp:attachment":[{"href":"https:\/\/www.grupojpimenta.com\/index.php?rest_route=%2Fwp%2Fv2%2Fmedia&parent=49"}],"curies":[{"name":"wp","href":"https:\/\/api.w.org\/{rel}","templated":true}]}}