{"id":120,"date":"2011-09-27T20:56:52","date_gmt":"2011-09-27T20:56:52","guid":{"rendered":"http:\/\/www.grupojpimenta.com\/?page_id=120"},"modified":"2011-10-06T15:29:08","modified_gmt":"2011-10-06T15:29:08","slug":"apresentacao","status":"publish","type":"page","link":"https:\/\/www.grupojpimenta.com\/?page_id=120","title":{"rendered":"Apresenta\u00e7\u00e3o"},"content":{"rendered":"<p>O Picadeiro \u00e9 um restaurante que se encontra no espa\u00e7o do Centro Equestre, junto \u00e0s bombas da Galp na Feitosa, com uma sala panor\u00e2mica, com vista para o picadeiro coberto, onde as pessoas que se encontram a degustar a sua refei\u00e7\u00e3o podem apreciar os cavalos a serem trabalhados e ocasionalmente ver espect\u00e1culos equestres.<\/p>\n<p>Possui um bar com decora\u00e7\u00e3o cuja tem\u00e1tica \u00e9 o cavalo, o qual \u00e9 multi-usos, podendo funcionar como sala de reuni\u00f5es, ser adaptado para almo\u00e7os, jantares empresariais ou espa\u00e7o de festas e eventos privativos.<\/p>\n<p>ngg_shortcode_0_placeholder<\/p>\n","protected":false},"excerpt":{"rendered":"<p>O Picadeiro \u00e9 um restaurante que se encontra no espa\u00e7o [&hellip;]<\/p>\n","protected":false},"author":3,"featured_media":0,"parent":116,"menu_order":1,"comment_status":"open","ping_status":"closed","template":"grupo.php","meta":{"ngg_post_thumbnail":0,"footnotes":""},"class_list":["post-120","page","type-page","status-publish","hentry"],"_links":{"self":[{"href":"https:\/\/www.grupojpimenta.com\/index.php?rest_route=\/wp\/v2\/pages\/120","targetHints":{"allow":["GET"]}}],"collection":[{"href":"https:\/\/www.grupojpimenta.com\/index.php?rest_route=\/wp\/v2\/pages"}],"about":[{"href":"https:\/\/www.grupojpimenta.com\/index.php?rest_route=\/wp\/v2\/types\/page"}],"author":[{"embeddable":true,"href":"https:\/\/www.grupojpimenta.com\/index.php?rest_route=\/wp\/v2\/users\/3"}],"replies":[{"embeddable":true,"href":"https:\/\/www.grupojpimenta.com\/index.php?rest_route=%2Fwp%2Fv2%2Fcomments&post=120"}],"version-history":[{"count":6,"href":"https:\/\/www.grupojpimenta.com\/index.php?rest_route=\/wp\/v2\/pages\/120\/revisions"}],"predecessor-version":[{"id":995,"href":"https:\/\/www.grupojpimenta.com\/index.php?rest_route=\/wp\/v2\/pages\/120\/revisions\/995"}],"up":[{"embeddable":true,"href":"https:\/\/www.grupojpimenta.com\/index.php?rest_route=\/wp\/v2\/pages\/116"}],"wp:attachment":[{"href":"https:\/\/www.grupojpimenta.com\/index.php?rest_route=%2Fwp%2Fv2%2Fmedia&parent=120"}],"curies":[{"name":"wp","href":"https:\/\/api.w.org\/{rel}","templated":true}]}}