{"id":100,"date":"2011-09-27T20:53:06","date_gmt":"2011-09-27T20:53:06","guid":{"rendered":"http:\/\/www.grupojpimenta.com\/?page_id=100"},"modified":"2011-10-07T14:26:13","modified_gmt":"2011-10-07T14:26:13","slug":"apresentacao","status":"publish","type":"page","link":"https:\/\/www.grupojpimenta.com\/?page_id=100","title":{"rendered":"Apresenta\u00e7\u00e3o"},"content":{"rendered":"<p>Constitu\u00edda em 2001 para desenvolver a gest\u00e3o patrimonial imobili\u00e1ria dos elementos do activo da fam\u00edlia J. Pimenta, realiza\u00e7\u00e3o de investimento, actividade imobili\u00e1ria, compra e venda de bens dessa natureza ou de outra e gest\u00e3o financeira.<\/p>\n","protected":false},"excerpt":{"rendered":"<p>Constitu\u00edda em 2001 para desenvolver a gest\u00e3o patrimonial imobili\u00e1ria dos [&hellip;]<\/p>\n","protected":false},"author":3,"featured_media":0,"parent":98,"menu_order":1,"comment_status":"open","ping_status":"closed","template":"grupo.php","meta":{"ngg_post_thumbnail":0,"footnotes":""},"class_list":["post-100","page","type-page","status-publish","hentry"],"_links":{"self":[{"href":"https:\/\/www.grupojpimenta.com\/index.php?rest_route=\/wp\/v2\/pages\/100","targetHints":{"allow":["GET"]}}],"collection":[{"href":"https:\/\/www.grupojpimenta.com\/index.php?rest_route=\/wp\/v2\/pages"}],"about":[{"href":"https:\/\/www.grupojpimenta.com\/index.php?rest_route=\/wp\/v2\/types\/page"}],"author":[{"embeddable":true,"href":"https:\/\/www.grupojpimenta.com\/index.php?rest_route=\/wp\/v2\/users\/3"}],"replies":[{"embeddable":true,"href":"https:\/\/www.grupojpimenta.com\/index.php?rest_route=%2Fwp%2Fv2%2Fcomments&post=100"}],"version-history":[{"count":6,"href":"https:\/\/www.grupojpimenta.com\/index.php?rest_route=\/wp\/v2\/pages\/100\/revisions"}],"predecessor-version":[{"id":332,"href":"https:\/\/www.grupojpimenta.com\/index.php?rest_route=\/wp\/v2\/pages\/100\/revisions\/332"}],"up":[{"embeddable":true,"href":"https:\/\/www.grupojpimenta.com\/index.php?rest_route=\/wp\/v2\/pages\/98"}],"wp:attachment":[{"href":"https:\/\/www.grupojpimenta.com\/index.php?rest_route=%2Fwp%2Fv2%2Fmedia&parent=100"}],"curies":[{"name":"wp","href":"https:\/\/api.w.org\/{rel}","templated":true}]}}